 u - 5 = -0. Let d(b) = u*b + 1 + 8*b**3 - 7*b**3 + 6*b**2 + 0. What is d(x)?
1
Let j(p) = 3*p**3 + 3*p**2 + 5*p - 3. Let d(z) = z**3 + z**2 + 2*z - 1. Let g(c) = -8*d(c) + 3*j(c). Let y be (-3)/15 + (-8)/10. Give g(y).
0
Let x(z) = 3*z + 2. Let f(n) = -11*n - 6. Let a(l) = -f(l) - 3*x(l). What is a(-2)?
-4
Suppose 10*i + 28 = -32. Let t(c) = c**3 + 7*c**2 + 6*c - 8. What is t(i)?
-8
Let j(p) be the first derivative of p + 1/3*p**3 + p**2 - 4. Determine j(-3).
4
Let d be 48/144*(-18)/2. Let f(b) = b**3 - 3*b + 3. What is f(d)?
-15
Let y(r) be the third derivative of -r**6/120 + 2*r**5/15 - 7*r**4/24 + 4*r**3/3 - r**2 - 12*r. What is y(7)?
8
Let p(m) be the second derivative of -m**3/6 + 7*m**2/2 - 250*m - 2. Let z be (1/(-2))/((-2)/4). Let o be 1*6 + -1 + z. Determine p(o).
1
Let k(a) = -1. Let d(c) = 3. Let l(q) = -2*d(q) - 5*k(q). Let n(y) = -2*y. Let f(r) = -4*l(r) - n(r). Determine f(-4).
-4
Let j(g) = 7*g - 1 + 3 + 0*g**2 + g**2. Suppose -6*l + 5 = -5*l. Suppose 6 = 4*f - l*f. Calculate j(f).
-4
Let g(a) = -3*a - 16. Let l(t) = -2. Let n(h) = g(h) - 2*l(h). What is n(-6)?
6
Let b(g) = -g**3 - 6*g + 5. Let o be (-1)/(3/12) + 2. Let r(c) = 3*c**2 - 3*c**3 - 3 - 2*c**2 - 12*c + 14. Let n(f) = o*r(f) + 5*b(f). Calculate n(4).
11
Let s(h) be the third derivative of -h**4/24 + 5*h**3/6 - 16*h**2 - 4*h. Let i(d) = -d**3 + d. Let j be i(-2). Determine s(j).
-1
Let s(v) = 72*v + 16. Let m(r) = -22*r - 5. Let w(c) = -16*m(c) - 5*s(c). Determine w(2).
-16
Let z(x) be the first derivative of -x**2 - 12*x - 45. Determine z(-4).
-4
Let s(t) = 2*t - 19. Suppose 2*l - 4 = 0, -3*r - 3*l + 5*l = -20. Give s(r).
-3
Let a(n) = -16*n + 16. Suppose -5*p = -3*p - 36. Let y be 1*22*p/12. Let q(l) = 3*l - 3. Let z(t) = y*q(t) + 6*a(t). What is z(4)?
9
Let d be (-3 + 132/20)/(2/5). Let c(z) = -7*z - d*z + 21*z + 1 - 6*z. Give c(2).
-1
Let m(b) = -182 - b - 209 + 365. Give m(-8).
-18
Let c(v) = -4083 - v - 4083 + 8166. What is c(3)?
-3
Let p(m) = -3*m + 2*m + m**2 - 5*m - 5. Suppose 3*k - 19 = 2*o - o, 4*k - 2*o - 26 = 0. Calculate p(k).
-5
Let f(w) be the second derivative of -w**6/120 - w**5/20 + w**4/6 - w**3/3 + 13*w**2 - 38*w. Let m(g) be the first derivative of f(g). Calculate m(-4).
-2
Suppose 2*w + 4*r + 19 + 9 = 0, -12 = -2*w + 4*r. Let u(o) = 3*o**2 - 3*o - 2*o - 4*o**2. Calculate u(w).
4
Let d(n) be the first derivative of -2*n**3/3 + 4*n**2 - 4*n - 35. Determine d(5).
-14
Let r(v) = -18*v**2 - 54*v - 15. Let n(f) = -5*f**2 - 14*f - 4. Let u(i) = 22*n(i) - 6*r(i). Give u(8).
2
Let q(a) be the second derivative of a**7/840 - a**6/90 - a**5/60 - a**3 - 6*a - 1. Let t(d) be the second derivative of q(d). Calculate t(4).
-8
Let l = -210 - -215. Let o(w) = -w + 6. Give o(l).
1
Let b = 22 - 22. Let g(u) = u**3 - u**2. Let t be g(b). Let s(h) = -h**2 - 7. What is s(t)?
-7
Let r(y) = -3*y + 3. Suppose 0 = 4*p - 5*s - 33, 0*s = -5*p + 2*s + 20. Suppose 0 = p*q - i - 15 + 4, 23 = 2*q - 5*i. What is r(q)?
-9
Let a(w) = -4*w + 3. Let g be a(1). Let f(v) = v**3 - 2*v**2 + 4*v + 6. Let y(u) = u**2 + u + 1. Let j(h) = g*f(h) + 3*y(h). Calculate j(5).
-8
Let b = 5 + -2. Suppose -2*k - b*k = -30. Let y(u) = 3 + 7 + k*u - u**2 - 14 + 8. Calculate y(7).
-3
Let j(f) = -5 + 28 - 25 - 2*f - f**3 + 8*f - 4*f**2. Suppose 10 = -5*l - 15. Calculate j(l).
-7
Let s(a) be the first derivative of a**2/2 - 4*a - 161. What is s(-7)?
-11
Let a = -1 - -2. Let k(s) be the third derivative of 1/6*s**3 - 6*s**2 + 5/12*s**4 + 0 + 0*s. What is k(a)?
11
Let j(v) be the first derivative of -v**5/120 - v**4/12 + 5*v**3/3 - 17. Let k(c) be the third derivative of j(c). Calculate k(-6).
4
Let a(n) = n**3 - 7*n**2 + 5*n + 6. Let z be a(6). Let p(t) = 0 - t + 0 + z + 4. Determine p(7).
-3
Let t(a) = -a**2 - 2*a + 4. Let y(h) = h**2 + h - 4. Let q(s) = -6*t(s) - 5*y(s). Let g = 10 - 15. Let d be 128/(-20) - 2/g. Give q(d).
-10
Let c(p) = -513 - 4*p + 250 + 252. What is c(-5)?
9
Let g(m) = 2*m - 11*m**2 + 5*m**2 - 6*m - m**3. Let q(o) = -o**2 - o + 2. Let d be q(2). Let y = -1 + d. What is g(y)?
-5
Let u = -55 + 92. Let y = u - 43. Let r(n) = -n**3 - 4*n**2 + 8*n - 2. Give r(y).
22
Let f(x) be the second derivative of -11*x**3/6 + 7*x**2/2 - 7*x. Let u(o) = 5*o - 4. Let v(i) = 4*f(i) + 7*u(i). Determine v(1).
-9
Let f be (20/6 - 3)/(64/8). Let c(z) be the third derivative of f*z**4 + 0 + 1/3*z**3 - 4*z**2 + 0*z. Determine c(-5).
-3
Let r(d) = d + 1. Let x be r(-4). Let k(f) be the first derivative of -36 + f**3 + 2*f + 1/4*f**4 + 1/2*f**2. What is k(x)?
-1
Suppose -c + 3*k - 28 = -2*k, -26 = 2*c - 4*k. Let b(r) = r**2 + 3*r - 1. Let f be b(c). Let s(n) = n**2 - n - 1. Determine s(f).
1
Let x be 1*0/(4 - 0). Suppose x = r + 3*y, 13 - 2 = 3*r - 2*y. Let f(k) = 1 + 9 - r*k + 2*k. Give f(5).
5
Let g(r) = -r**2 - r + 1. Let u = -9 - -23. Let i = -12 + u. Let j be (0/1)/(2/i). Give g(j).
1
Let s(d) be the second derivative of -d**5/20 + 2*d**4/3 - d**3 - 3*d**2/2 + 18*d. Determine s(7).
4
Let t(q) = 2 - 5*q + 6*q - 6 + 0*q**3 - q**3 + 8*q**2. Let p be t(8). Let y(s) be the first derivative of s**3/3 - 5*s**2/2 + 3*s - 8. Give y(p).
-1
Let a(d) = -d**3 + 2*d**2 + 3*d + 3. Let t = -381 - -384. What is a(t)?
3
Let i(u) = 3*u + 15. Let y be i(7). Let x be 8/y + 325/(-45). Let c(r) = -4*r - 6. What is c(x)?
22
Let n(x) = x**3 - 5*x**2 + 4*x + 1. Suppose -10*u = -21*u + 33. Determine n(u).
-5
Let q(d) be the third derivative of d**6/120 + d**5/20 + d**4/8 + 11*d**2. Suppose 0 = -2*g - 0*g + 6. Suppose g*z = -z - 8. Give q(z).
-2
Suppose 2*y - 24 = 6. Let b = y + -16. Let i(n) = -6*n**3 - n**2 - n. Give i(b).
6
Suppose i - 2 = s - 1, -2*i = -5*s + 1. Let m(p) = -5*p**2 + 3 + 0*p**i - 14*p - p**3 + 14*p. Calculate m(-5).
3
Let f = 57 - 57. Let m(y) = y**2 + 18. Determine m(f).
18
Suppose -w = -4*t, 0*t + 3*t = 4*w. Let z(j) = -j**2 - 12. Determine z(w).
-12
Let j(c) = -c + 13. Let z(t) = -1. Let u(i) = j(i) - 4*z(i). Give u(6).
11
Suppose 9*o - 144 = -0*o. Let j = o - 14. Let z(k) = k**3 - 4*k**2 + 3*k - 1. Determine z(j).
-3
Let w(l) be the second derivative of l**5/20 - l**4/12 - 5*l**3/6 + 5*l**2/2 + 13*l - 25. What is w(2)?
-1
Suppose w = -4*w - 90. Let o = w - -20. Let q(k) = 0*k**o - 2 + 0*k - k + k**2 + 2*k. What is q(3)?
10
Let a(k) = k + 1. Suppose 4*s + 5 = 5*s + 5*t, 2*s - 2*t - 22 = 0. Suppose -13*g - 6 = -s*g. Determine a(g).
-1
Let f be 6*(1 - 39/6). Let c = f - -29. Let b(y) = -y - 5. Determine b(c).
-1
Let n(f) = 3*f - 1. Let r(b) = -15*b**2 + 5*b + 9. Let z be r(-3). Let v = z - -143. Give n(v).
5
Let c(v) = -9*v + 11. Suppose 0 = 4*q - 2*h - 24, -4*h + 26 = -q + 25. What is c(q)?
-52
Suppose -9 + 0 = 3*u - 3*z, 3*u + 4*z = -16. Let l(y) be the first derivative of y**2/2 - 2*y + 18. Calculate l(u).
-6
Let m(d) = -5*d - 136. Let t be m(-27). Let y(n) = 17*n. Determine y(t).
-17
Let v be (-1*(-3)/(-6))/((-4)/(-56)). Let k(u) = -u**3 - 7*u**2 + u + 7. Give k(v).
0
Let c(d) = -3*d + 11*d - 3*d - 3*d - d + 13. Give c(-9).
4
Suppose -2*a + 1 + 9 = 0. Let t(b) = 251 - 2*b - 119 - 131. What is t(a)?
-9
Let z(f) = -17 - 12 - 13*f - 14 + 42. Determine z(1).
-14
Let l be -1*23 + 11/11. Let u = 25 + l. Let c(m) = -2 - 2 + m**2 + 5 - m. Calculate c(u).
7
Let y(t) = t**3 + 5*t**2 + 3*t + 8. Let w(z) = 2*z**2 - 1. Let f(j) = 6*w(j) - y(j). Calculate f(6).
4
Let g be (4 + 3)/(-9 - -8). Let k(v) = -v**3 - 7*v**2 + 4*v + 3. Determine k(g).
-25
Let l(q) be the second derivative of -2*q**3/3 - 3*q**2/2 + 5*q. Suppose 3*g + 6 = 5*g. Determine l(g).
-15
Let d(h) be the first derivative of 3*h**4/4 - 2*h**3/3 - h**2 + 21. Suppose 2*w - 10 = 2*g, w - 17 + 3 = 4*g. What is d(w)?
12
Let w(c) be the second derivative of -c + c**3 + 0 - 1/12*c**4 + 3*c**2. Give w(7).
-1
Let w(t) be the first derivative of -t**3/3 + t**2/2 + 3*t - 87. Calculate w(4).
-9
Let s(g) = -g**2 + 3. Let u(n) = 3*n**2 - n - 8. Let c(o) = 7*s(o) + 2*u(o). Let v be c(0). Let r(i) = -i**3 + 6*i**2 - 3*i - 5. What is r(v)?
5
Let r(s) = -s**2 - 3*s - 8. Let p(k) = 2*k**2 + 4*k + 10. Let t(a) = 3*p(a) + 4*r(a). Give t(3).
16
Let w = -10 - -16. Let q be (-47)/3 - 2/w. Let g be 4/2*(-56)/q. Let c(s) = s**2 - 6*s - 1. What is c(g)?
6
Let k(h) = -8*h**2 - 1. Let s(i) = -i + 4. Let t(c) = -1. Let j(a) = -s(a) - 3*t(a). Let p be j(-3). Let m = -3 - p. Calcula